{"id":11,"date":"2021-11-21T15:12:46","date_gmt":"2021-11-21T15:12:46","guid":{"rendered":"https:\/\/xpresspuebla.com\/index.php\/home\/"},"modified":"2023-08-28T12:42:56","modified_gmt":"2023-08-28T18:42:56","slug":"home","status":"publish","type":"page","link":"https:\/\/xpresspuebla.com\/index.php\/home\/","title":{"rendered":"Inicio"},"content":{"rendered":"<style>\/*! elementor - v3.15.0 - 09-08-2023 *\/<br \/>\n.elementor-heading-title{padding:0;margin:0;line-height:1}.elementor-widget-heading .elementor-heading-title[class*=elementor-size-]>a{color:inherit;font-size:inherit;line-height:inherit}.elementor-widget-heading .elementor-heading-title.elementor-size-small{font-size:15px}.elementor-widget-heading .elementor-heading-title.elementor-size-medium{font-size:19px}.elementor-widget-heading .elementor-heading-title.elementor-size-large{font-size:29px}.elementor-widget-heading .elementor-heading-title.elementor-size-xl{font-size:39px}.elementor-widget-heading .elementor-heading-title.elementor-size-xxl{font-size:59px}<\/style>\n<h1>El Blog de los Poblanos<\/h1>\n<style>\/*! elementor - v3.15.0 - 09-08-2023 *\/<br \/>\n.elementor-widget-divider{--divider-border-style:none;--divider-border-width:1px;--divider-color:#0c0d0e;--divider-icon-size:20px;--divider-element-spacing:10px;--divider-pattern-height:24px;--divider-pattern-size:20px;--divider-pattern-url:none;--divider-pattern-repeat:repeat-x}.elementor-widget-divider .elementor-divider{display:flex}.elementor-widget-divider .elementor-divider__text{font-size:15px;line-height:1;max-width:95%}.elementor-widget-divider .elementor-divider__element{margin:0 var(--divider-element-spacing);flex-shrink:0}.elementor-widget-divider .elementor-icon{font-size:var(--divider-icon-size)}.elementor-widget-divider .elementor-divider-separator{display:flex;margin:0;direction:ltr}.elementor-widget-divider--view-line_icon .elementor-divider-separator,.elementor-widget-divider--view-line_text .elementor-divider-separator{align-items:center}.elementor-widget-divider--view-line_icon .elementor-divider-separator:after,.elementor-widget-divider--view-line_icon .elementor-divider-separator:before,.elementor-widget-divider--view-line_text .elementor-divider-separator:after,.elementor-widget-divider--view-line_text .elementor-divider-separator:before{display:block;content:\"\";border-bottom:0;flex-grow:1;border-top:var(--divider-border-width) var(--divider-border-style) var(--divider-color)}.elementor-widget-divider--element-align-left .elementor-divider .elementor-divider-separator>.elementor-divider__svg:first-of-type{flex-grow:0;flex-shrink:100}.elementor-widget-divider--element-align-left .elementor-divider-separator:before{content:none}.elementor-widget-divider--element-align-left .elementor-divider__element{margin-left:0}.elementor-widget-divider--element-align-right .elementor-divider .elementor-divider-separator>.elementor-divider__svg:last-of-type{flex-grow:0;flex-shrink:100}.elementor-widget-divider--element-align-right .elementor-divider-separator:after{content:none}.elementor-widget-divider--element-align-right .elementor-divider__element{margin-right:0}.elementor-widget-divider:not(.elementor-widget-divider--view-line_text):not(.elementor-widget-divider--view-line_icon) .elementor-divider-separator{border-top:var(--divider-border-width) var(--divider-border-style) var(--divider-color)}.elementor-widget-divider--separator-type-pattern{--divider-border-style:none}.elementor-widget-divider--separator-type-pattern.elementor-widget-divider--view-line .elementor-divider-separator,.elementor-widget-divider--separator-type-pattern:not(.elementor-widget-divider--view-line) .elementor-divider-separator:after,.elementor-widget-divider--separator-type-pattern:not(.elementor-widget-divider--view-line) .elementor-divider-separator:before,.elementor-widget-divider--separator-type-pattern:not([class*=elementor-widget-divider--view]) .elementor-divider-separator{width:100%;min-height:var(--divider-pattern-height);-webkit-mask-size:var(--divider-pattern-size) 100%;mask-size:var(--divider-pattern-size) 100%;-webkit-mask-repeat:var(--divider-pattern-repeat);mask-repeat:var(--divider-pattern-repeat);background-color:var(--divider-color);-webkit-mask-image:var(--divider-pattern-url);mask-image:var(--divider-pattern-url)}.elementor-widget-divider--no-spacing{--divider-pattern-size:auto}.elementor-widget-divider--bg-round{--divider-pattern-repeat:round}.rtl .elementor-widget-divider .elementor-divider__text{direction:rtl}.e-con-inner>.elementor-widget-divider,.e-con>.elementor-widget-divider{width:var(--container-widget-width,100%);--flex-grow:var(--container-widget-flex-grow)}<\/style>\n<h2>Para estar al d\u00eda<\/h2>\n<style>\/*! elementor - v3.15.0 - 09-08-2023 *\/<br \/>\n.elementor-widget-image{text-align:center}.elementor-widget-image a{display:inline-block}.elementor-widget-image a img[src$=\".svg\"]{width:48px}.elementor-widget-image img{vertical-align:middle;display:inline-block}<\/style>\n<p>\t\t\t\t\t\t\t\t\t\t\t\t<img decoding=\"async\" width=\"1600\" height=\"1066\" src=\"http:\/\/xpresspuebla.com\/wp-content\/uploads\/2023\/08\/FOTO-003.png\" alt=\"\" loading=\"lazy\" srcset=\"https:\/\/xpresspuebla.com\/wp-content\/uploads\/2023\/08\/FOTO-003.png 1600w, https:\/\/xpresspuebla.com\/wp-content\/uploads\/2023\/08\/FOTO-003-300x200.png 300w, https:\/\/xpresspuebla.com\/wp-content\/uploads\/2023\/08\/FOTO-003-1024x682.png 1024w, https:\/\/xpresspuebla.com\/wp-content\/uploads\/2023\/08\/FOTO-003-768x512.png 768w, https:\/\/xpresspuebla.com\/wp-content\/uploads\/2023\/08\/FOTO-003-1536x1023.png 1536w\" sizes=\"(max-width: 1600px) 100vw, 1600px\"><\/p>\n<style>\/*! elementor - v3.15.0 - 09-08-2023 *\/<br \/>\n.elementor-widget-image-box .elementor-image-box-content{width:100%}@media (min-width:768px){.elementor-widget-image-box.elementor-position-left .elementor-image-box-wrapper,.elementor-widget-image-box.elementor-position-right .elementor-image-box-wrapper{display:flex}.elementor-widget-image-box.elementor-position-right .elementor-image-box-wrapper{text-align:right;flex-direction:row-reverse}.elementor-widget-image-box.elementor-position-left .elementor-image-box-wrapper{text-align:left;flex-direction:row}.elementor-widget-image-box.elementor-position-top .elementor-image-box-img{margin:auto}.elementor-widget-image-box.elementor-vertical-align-top .elementor-image-box-wrapper{align-items:flex-start}.elementor-widget-image-box.elementor-vertical-align-middle .elementor-image-box-wrapper{align-items:center}.elementor-widget-image-box.elementor-vertical-align-bottom .elementor-image-box-wrapper{align-items:flex-end}}@media (max-width:767px){.elementor-widget-image-box .elementor-image-box-img{margin-left:auto!important;margin-right:auto!important;margin-bottom:15px}}.elementor-widget-image-box .elementor-image-box-img{display:inline-block}.elementor-widget-image-box .elementor-image-box-title a{color:inherit}.elementor-widget-image-box .elementor-image-box-wrapper{text-align:center}.elementor-widget-image-box .elementor-image-box-description{margin:0}<\/style>\n<h3><a href=\"https:\/\/xpresspuebla.com\/index.php\/2023\/08\/18\/acercan-asesoria-juridica-gratuita-a-pobladores-de-nealtican\/\" target=\"_blank\" rel=\"noopener\">Acercan asesor\u00eda jur\u00eddica gratuita a pobladores de Nealtican<\/a><\/h3>\n<p>Usuarios que acudieron agradecieron la presencia de personal capacitado para resolver sus dudas.<\/p>\n<p><img decoding=\"async\" width=\"1280\" height=\"853\" src=\"http:\/\/xpresspuebla.com\/wp-content\/uploads\/2023\/08\/artificial-intelligence-3382521_1280.jpg\" alt=\"\" loading=\"lazy\" srcset=\"https:\/\/xpresspuebla.com\/wp-content\/uploads\/2023\/08\/artificial-intelligence-3382521_1280.jpg 1280w, https:\/\/xpresspuebla.com\/wp-content\/uploads\/2023\/08\/artificial-intelligence-3382521_1280-300x200.jpg 300w, https:\/\/xpresspuebla.com\/wp-content\/uploads\/2023\/08\/artificial-intelligence-3382521_1280-1024x682.jpg 1024w, https:\/\/xpresspuebla.com\/wp-content\/uploads\/2023\/08\/artificial-intelligence-3382521_1280-768x512.jpg 768w\" sizes=\"(max-width: 1280px) 100vw, 1280px\"><\/p>\n<h3><a href=\"https:\/\/xpresspuebla.com\/index.php\/2023\/08\/19\/la-inteligencia-aumentadael-siguiente-nivelde-la-inteligencia-artificial\/\">La Inteligencia Aumentada, el siguiente nivel de la Inteligencia Artificial<\/a><\/h3>\n<p>La IA debe ser usada como una herramienta para potenciar las capacidades intelectuales de la humanidad y cambiar el presente y futuro de la misma, destaca especialista<\/p>\n<p><img decoding=\"async\" width=\"1332\" height=\"718\" src=\"http:\/\/xpresspuebla.com\/wp-content\/uploads\/2023\/08\/DETENIDOS.jpg\" alt=\"\" loading=\"lazy\" srcset=\"https:\/\/xpresspuebla.com\/wp-content\/uploads\/2023\/08\/DETENIDOS.jpg 1332w, https:\/\/xpresspuebla.com\/wp-content\/uploads\/2023\/08\/DETENIDOS-300x162.jpg 300w, https:\/\/xpresspuebla.com\/wp-content\/uploads\/2023\/08\/DETENIDOS-1024x552.jpg 1024w, https:\/\/xpresspuebla.com\/wp-content\/uploads\/2023\/08\/DETENIDOS-768x414.jpg 768w\" sizes=\"(max-width: 1332px) 100vw, 1332px\"><\/p>\n<h3><a href=\"https:\/\/xpresspuebla.com\/index.php\/2023\/08\/21\/policia-municipal-de-puebla-logro-rescatar-a-una-mujer-privada-de-su-libertad\/\">Polic\u00eda Municipal de Puebla logr\u00f3 rescatar a una mujer privada de su libertad.<\/a><\/h3>\n<p>Derivado de una oportuna intervenci\u00f3n en el Barrio de Los Remedios, la Secretar\u00eda de Seguridad Ciudadana (SSC) del Municipio de Puebla logr\u00f3 la detenci\u00f3n de dos hombres por su probable participaci\u00f3n en el delito de privaci\u00f3n ilegal de la libertad y violaci\u00f3n.<\/p>\n<p><img decoding=\"async\" width=\"1600\" height=\"1066\" src=\"http:\/\/xpresspuebla.com\/wp-content\/uploads\/2023\/08\/FOTO-003.png\" alt=\"\" loading=\"lazy\" srcset=\"https:\/\/xpresspuebla.com\/wp-content\/uploads\/2023\/08\/FOTO-003.png 1600w, https:\/\/xpresspuebla.com\/wp-content\/uploads\/2023\/08\/FOTO-003-300x200.png 300w, https:\/\/xpresspuebla.com\/wp-content\/uploads\/2023\/08\/FOTO-003-1024x682.png 1024w, https:\/\/xpresspuebla.com\/wp-content\/uploads\/2023\/08\/FOTO-003-768x512.png 768w, https:\/\/xpresspuebla.com\/wp-content\/uploads\/2023\/08\/FOTO-003-1536x1023.png 1536w\" sizes=\"(max-width: 1600px) 100vw, 1600px\"><\/p>\n<h3><a href=\"https:\/\/xpresspuebla.com\/index.php\/2023\/08\/18\/acercan-asesoria-juridica-gratuita-a-pobladores-de-nealtican\/\" target=\"_blank\" rel=\"noopener\">Acercan asesor\u00eda jur\u00eddica gratuita a pobladores de Nealtican<\/a><\/h3>\n<p>Usuarios que acudieron agradecieron la presencia de personal capacitado para resolver sus dudas.<\/p>\n<p><img decoding=\"async\" width=\"1280\" height=\"853\" src=\"http:\/\/xpresspuebla.com\/wp-content\/uploads\/2023\/08\/artificial-intelligence-3382521_1280.jpg\" alt=\"\" loading=\"lazy\" srcset=\"https:\/\/xpresspuebla.com\/wp-content\/uploads\/2023\/08\/artificial-intelligence-3382521_1280.jpg 1280w, https:\/\/xpresspuebla.com\/wp-content\/uploads\/2023\/08\/artificial-intelligence-3382521_1280-300x200.jpg 300w, https:\/\/xpresspuebla.com\/wp-content\/uploads\/2023\/08\/artificial-intelligence-3382521_1280-1024x682.jpg 1024w, https:\/\/xpresspuebla.com\/wp-content\/uploads\/2023\/08\/artificial-intelligence-3382521_1280-768x512.jpg 768w\" sizes=\"(max-width: 1280px) 100vw, 1280px\"><\/p>\n<h3><a href=\"https:\/\/xpresspuebla.com\/index.php\/2023\/08\/19\/la-inteligencia-aumentadael-siguiente-nivelde-la-inteligencia-artificial\/\">La Inteligencia Aumentada, el siguiente nivel de la Inteligencia Artificial<\/a><\/h3>\n<p>La IA debe ser usada como una herramienta para potenciar las capacidades intelectuales de la humanidad y cambiar el presente y futuro de la misma, destaca especialista<\/p>\n<p><img decoding=\"async\" width=\"1332\" height=\"718\" src=\"http:\/\/xpresspuebla.com\/wp-content\/uploads\/2023\/08\/DETENIDOS.jpg\" alt=\"\" loading=\"lazy\" srcset=\"https:\/\/xpresspuebla.com\/wp-content\/uploads\/2023\/08\/DETENIDOS.jpg 1332w, https:\/\/xpresspuebla.com\/wp-content\/uploads\/2023\/08\/DETENIDOS-300x162.jpg 300w, https:\/\/xpresspuebla.com\/wp-content\/uploads\/2023\/08\/DETENIDOS-1024x552.jpg 1024w, https:\/\/xpresspuebla.com\/wp-content\/uploads\/2023\/08\/DETENIDOS-768x414.jpg 768w\" sizes=\"(max-width: 1332px) 100vw, 1332px\"><\/p>\n<h3><a href=\"https:\/\/xpresspuebla.com\/index.php\/2023\/08\/21\/policia-municipal-de-puebla-logro-rescatar-a-una-mujer-privada-de-su-libertad\/\">Polic\u00eda Municipal de Puebla logr\u00f3 rescatar a una mujer privada de su libertad.<\/a><\/h3>\n<p>Derivado de una oportuna intervenci\u00f3n en el Barrio de Los Remedios, la Secretar\u00eda de Seguridad Ciudadana (SSC) del Municipio de Puebla logr\u00f3 la detenci\u00f3n de dos hombres por su probable participaci\u00f3n en el delito de privaci\u00f3n ilegal de la libertad y violaci\u00f3n.<\/p>\n<h4>El mundo<\/h4>\n<p><a href=\"#\"><br \/>\nMostar m\u00e1s<br \/>\n<\/a><br \/>\n<img decoding=\"async\" width=\"300\" height=\"300\" src=\"http:\/\/xpresspuebla.com\/wp-content\/uploads\/2023\/08\/cropped-XPRESS-TRNAS-300x300.png\" alt=\"\" loading=\"lazy\" srcset=\"https:\/\/xpresspuebla.com\/wp-content\/uploads\/2023\/08\/cropped-XPRESS-TRNAS-300x300.png 300w, https:\/\/xpresspuebla.com\/wp-content\/uploads\/2023\/08\/cropped-XPRESS-TRNAS-150x150.png 150w, https:\/\/xpresspuebla.com\/wp-content\/uploads\/2023\/08\/cropped-XPRESS-TRNAS-270x270.png 270w, https:\/\/xpresspuebla.com\/wp-content\/uploads\/2023\/08\/cropped-XPRESS-TRNAS-192x192.png 192w, https:\/\/xpresspuebla.com\/wp-content\/uploads\/2023\/08\/cropped-XPRESS-TRNAS-180x180.png 180w, https:\/\/xpresspuebla.com\/wp-content\/uploads\/2023\/08\/cropped-XPRESS-TRNAS-32x32.png 32w, https:\/\/xpresspuebla.com\/wp-content\/uploads\/2023\/08\/cropped-XPRESS-TRNAS.png 512w\" sizes=\"(max-width: 300px) 100vw, 300px\"><\/p>\n<h4>Xpress Puebla<\/h4>\n<p>Medio de comunicaci\u00f3n digital<\/p>\n<p>xpresspuebla@gmail.com<\/p>\n","protected":false},"excerpt":{"rendered":"<p>El Blog de los Poblanos Para estar al d\u00eda Acercan asesor\u00eda jur\u00eddica gratuita a pobladores de Nealtican Usuarios que acudieron agradecieron la presencia de personal capacitado para resolver sus dudas.&hellip; <\/p>\n","protected":false},"author":1,"featured_media":0,"parent":0,"menu_order":0,"comment_status":"closed","ping_status":"closed","template":"","meta":{"om_disable_all_campaigns":false,"_uag_custom_page_level_css":"","_monsterinsights_skip_tracking":false,"_monsterinsights_sitenote_active":false,"_monsterinsights_sitenote_note":"","_monsterinsights_sitenote_category":0,"_uf_show_specific_survey":0,"_uf_disable_surveys":false},"aioseo_notices":[],"uagb_featured_image_src":{"full":false,"thumbnail":false,"medium":false,"medium_large":false,"large":false,"1536x1536":false,"2048x2048":false},"uagb_author_info":{"display_name":"xpresspuebla.com","author_link":"https:\/\/xpresspuebla.com\/index.php\/author\/xpresspuebla-com\/"},"uagb_comment_info":0,"uagb_excerpt":"El Blog de los Poblanos Para estar al d\u00eda Acercan asesor\u00eda jur\u00eddica gratuita a pobladores de Nealtican Usuarios que acudieron agradecieron la presencia de personal capacitado para resolver sus dudas.&hellip;","_links":{"self":[{"href":"https:\/\/xpresspuebla.com\/index.php\/wp-json\/wp\/v2\/pages\/11"}],"collection":[{"href":"https:\/\/xpresspuebla.com\/index.php\/wp-json\/wp\/v2\/pages"}],"about":[{"href":"https:\/\/xpresspuebla.com\/index.php\/wp-json\/wp\/v2\/types\/page"}],"author":[{"embeddable":true,"href":"https:\/\/xpresspuebla.com\/index.php\/wp-json\/wp\/v2\/users\/1"}],"replies":[{"embeddable":true,"href":"https:\/\/xpresspuebla.com\/index.php\/wp-json\/wp\/v2\/comments?post=11"}],"version-history":[{"count":46,"href":"https:\/\/xpresspuebla.com\/index.php\/wp-json\/wp\/v2\/pages\/11\/revisions"}],"predecessor-version":[{"id":1578,"href":"https:\/\/xpresspuebla.com\/index.php\/wp-json\/wp\/v2\/pages\/11\/revisions\/1578"}],"wp:attachment":[{"href":"https:\/\/xpresspuebla.com\/index.php\/wp-json\/wp\/v2\/media?parent=11"}],"curies":[{"name":"wp","href":"https:\/\/api.w.org\/{rel}","templated":true}]}}